q).
-1
Let v(n) = -n**3 - 9*n**2 + 2*n - 17. Let m(d) = d**3 + 8*d**2 - d + 14. Let k(i) = -5*m(i) - 4*v(i). Give k(-3).
-2
Let r(c) = -c**3 + 5*c**2 - c + 3. Let i(p) = -p**2 + 3*p - 3. Let v be i(5). Let t = -13 - v. Let l = 5 - t. Calculate r(l).
-2
Let r(n) = 5*n**2 + n + 10. Let k(s) = 4*s**2 + 9. Let h(b) = 6*k(b) - 5*r(b). Give h(-4).
8
Suppose -1 = -2*d - v, -5 = 3*d - 5*v - 0. Let t(z) be the first derivative of z**3/3 + z**2/2 - 3*z - 3. Determine t(d).
-3
Let f(x) = 9*x + 11. Let u(m) = -5*m - 6. Let y(k) = -3*f(k) - 5*u(k). What is y(6)?
-15
Let d(o) = -o. Let k(f) = 2*f + 3. Let q(z) = d(z) + k(z). Suppose -2*t - 46 = 4*v, -17 = 5*t + 8. Let h be (0 - -3)*12/v. Calculate q(h).
-1
Let u(c) = -2 - c - 5 + 15. Calculate u(3).
5
Let t(a) = a - 2. Let i be t(5). Let v = -3 + i. Let m(u) be the second derivative of u**5/20 - u**4/12 + 13*u**2/2 + 93*u. What is m(v)?
13
Let i = 10 + 45. Suppose -5*g - 5*n = i, 20 = -6*g + 2*g + 4*n. Let j(u) = -u**3 - 9*u**2 - 8*u + 6. What is j(g)?
6
Suppose 132 = -3*q - 8*q. Let x be 4/q + (-76)/(-12). Let l(r) = -r**2 + 6*r - 8. Give l(x).
-8
Suppose -5*r + 5*t = -20, -3*t + t = 2*r. Suppose 9 + 13 = 11*f. Let d(z) = -11 + f*z + 0*z - z - r*z. Calculate d(0).
-11
Let g(y) = 19*y - 226. Let m be g(12). Let u(w) = 2*w**3 - w**2 - 3*w - 2. Give u(m).
4
Let i(w) = 2*w**2 - 6*w + 1. Let p(k) = 3*k**2 - 6*k - 3. Let j(d) = 4*i(d) - 3*p(d). What is j(-6)?
13
Let m be (-4)/(-22) + (-124)/(-44). Let q be (-1 + m)*7/(-14). Let f(z) = 8*z**2 + 2*z + 1. Give f(q).
7
Suppose 4*i - 6 = i. Suppose i*u - m = -24, 18 = -3*u - 3*m - 0*m. Let d(c) = c**3 + 10*c**2 + c + 1. What is d(u)?
-9
Let i(f) = -f + 9. Let m be (3 - 3) + 1 + 6. Let r be i(m). Let a(q) be the second derivative of -q**4/6 + q**3/2 - 3*q**2/2 - q. Determine a(r).
-5
Let i(m) = m**3 - 2*m**2 - 7*m + 6. Let d = -4 + 5. Suppose 0 = -5*o - d + 21. Suppose o*s + 2 + 2 = 0, -5*s = 2*p - 3. Calculate i(p).
10
Let x(n) be the first derivative of -n**2/2 + 6*n + 1. Let i = 616 + -608. Calculate x(i).
-2
Let y(x) = x**3 - 3*x + 1. Let u be y(2). Suppose p + 0*p = u. Let q(l) = l**2 - 5 - p*l + 4 + 0*l**2 - 2*l**2. Calculate q(-2).
1
Let q be (-2)/7 + (-72)/42. Suppose 2*o = -2 + 30. Let n(u) = 13*u**2 + 0*u - o*u**2 - 5*u - 3. Give n(q).
3
Let n(a) = a**3 + a**2 - 3*a + 3. Let f be n(-4). Let y = -24 - f. Let m be 20/40*(y + 1). Let j(s) = s**2 - 6*s + 3. What is j(m)?
-2
Let s(p) = -13*p**2 + 55*p - 143. Let j(u) = 7*u**2 - 28*u + 71. Let t(y) = -11*j(y) - 6*s(y). Determine t(17).
-8
Suppose b - 6*b - 5 = 0. Let n(r) = -r**2 + 2*r + 1. Let w be n(b). Let t(i) = -i - 2. Give t(w).
0
Let u(y) = -2*y - 3*y + y + 3 - 2. Let s be u(2). Let a(i) = -2*i**2 - i - 2. Let w(n) = 9*n**2 - n + 10. Let o(x) = 5*a(x) + w(x). Determine o(s).
-7
Let i(w) = 841*w**2 - 31 + 849*w**2 - 1691*w**2 - 27*w. What is i(-26)?
-5
Suppose 2*y - 10 = 7*y, i + 1 = -3*y. Let d(j) = -j**2 + 7*j - 6. Give d(i).
4
Let s(z) be the first derivative of z**5/20 + z**4/8 + 6*z**3 + 30. Let f(l) be the third derivative of s(l). Give f(-2).
-9
Let z be 30/(-70) - 36/14. Let x(o) = 0*o + o**2 - o - 1 + 4*o + o**3 - 4*o. What is x(z)?
-16
Let o(t) be the third derivative of t**5/120 + t**4/12 - 17*t**3/3 + 10*t**2. Let c(g) be the first derivative of o(g). What is c(-5)?
-3
Let b(g) = g**3 - g + 1. Let a(u) = u**3 - 15*u**2 - 3*u**3 + 19*u**2 + 5*u - 2. Let c(o) = a(o) + 3*b(o). Suppose -3*k = 13 - 4. Give c(k).
4
Let q(i) = i**2 + 3*i. Let c(j) = -j**2 - 13*j - 7. Let v be c(-12). Suppose 5*l + 3*m - 7*m + 24 = 0, -v*l - 22 = -2*m. Calculate q(l).
4
Let p(w) be the third derivative of w**4/8 + w**3/6 + 335*w**2. Determine p(-4).
-11
Let g(a) be the second derivative of 16*a + 0 - 1/2*a**2 - 2/3*a**3. Determine g(4).
-17
Let p = 35 - 36. Let d be 0/p + -3 - 1. Let j(c) = -4*c - 4. Calculate j(d).
12
Let d(b) be the second derivative of 19*b**6/360 + 37*b**3/6 - 32*b. Let u(n) be the second derivative of d(n). Calculate u(1).
19
Let p(m) be the second derivative of -m**6/120 + m**5/12 - m**4/12 - m**3/2 - 7*m**2/2 + m. Let n(k) be the first derivative of p(k). Calculate n(4).
5
Let s(i) = -13*i**2 - i**3 - 6 + 4*i**3 - 23*i + 24*i - 2*i**3. Suppose -v = 2*w - 2*v - 26, -v = -5*w + 65. Calculate s(w).
7
Let w(y) = y - 6. Let l be w(9). Suppose m + 0*m = -2*o + 11, -3*m + l = -4*o. Let r(q) = q - 5. Give r(m).
0
Let q(f) be the second derivative of -f**5/20 - 5*f**4/12 - f**3/6 - 3*f**2/2 - 3*f. Let c = -31 - -27. Determine q(c).
-15
Let o be 0/(2/(-5)*-5). Suppose t - 21 = -4*p, -p - 5*t + 2 - 11 = o. Let c(k) = k**3 - 7*k**2 + 5*k - 5. Determine c(p).
-11
Let s(o) = -2*o**2 + 2*o + 6. Let d be s(3). Let g(b) = -b**3 - 7*b**2 - 5*b + 2. Let p be g(d). Let z(f) = 2*f**2 + 5*f - 4. Calculate z(p).
8
Let p(g) = -g**3 + g**2 + 1. Let f be (-2)/4*(-128)/(-16) - -8. Suppose c - 3 + 2 = 0. Suppose b + 4*j - f = -b, -c = -j. Calculate p(b).
1
Let x = -1 + 1. Suppose -4*o - 7 = -4*f - o, f + 7 = -o. Let k be x + -4 + (7 - f). Let m(d) = -d**3 + 5*d**2 - 2*d - 4. Calculate m(k).
-14
Let k(t) = -t**2 + t + 6. Let v(x) be the third derivative of -x**5/60 + x**4/24 + x**3 + 21*x**2. Let n(r) = -7*k(r) + 6*v(r). Determine n(0).
-6
Let x(g) = 13 + 11*g + 16*g + 12*g - 38*g. Determine x(-6).
7
Let j(c) = -c**3 + 13*c**2 + 10*c + 12. Let w(t) = t**2. Let n(o) = j(o) - 5*w(o). What is n(9)?
21
Let y(f) = -2*f**3 + 5*f - 1. Let d(g) = -g**3 + g**2 + 2*g - 1. Let q(a) = 3*d(a) - y(a). Calculate q(3).
1
Let a(i) be the first derivative of -i**3/3 + 11*i**2/2 - 20*i + 295. What is a(7)?
8
Let g(i) be the third derivative of -1/6*i**3 + 0*i + 1/60*i**5 + 1/3*i**4 + 0 - i**2. Let o = -3935 - -3929. What is g(o)?
-13
Let r(x) = 2*x + 31. Let h(j) = -3*j - 48. Let f(n) = 5*h(n) + 8*r(n). Calculate f(-12).
-4
Let m(l) = -l**2 - 5*l + 41. Let g be m(4). Let q(z) be the second derivative of 7/2*z**2 + 1/20*z**5 + 0 - 7/12*z**4 + z**3 - g*z. Give q(6).
7
Suppose -3*q + 19 + 16 = -4*z, 53 = 5*q - 4*z. Let a(w) = w**3 - 10*w**2 + 6*w + 7. Determine a(q).
-20
Let k be (-54)/4*(-20)/15. Suppose k = 4*i + 2*i. Let a(l) = -l**3 + 4*l**2 - 2. Give a(i).
7
Let g be 6 - (4 + -2 - 1). Let r(y) = 1 + y**2 - g*y + y + 1 + 0*y. Calculate r(3).
-1
Let l(o) = o - 2. Let f be l(7). Let x(n) = 4*n + 2*n - f*n - 3. Give x(5).
2
Let x(o) = 1. Let a(v) = v + 7. Let g(y) = a(y) - 6*x(y). Let d(h) = h + 1. Let c(l) = 3*d(l) - 2*g(l). Determine c(-5).
-4
Let x(m) = 8*m - 3. Let l be x(1). Let b(h) = 29*h**2 - 27*h**2 + 1 + l*h - 3. Suppose 10 = -3*k + 2*k - 3*s, 5*k - 5*s = -10. What is b(k)?
10
Let p be 2/(-17) - ((-95)/85 + -4). Let l(u) = 0*u + 2 + 5*u - 3*u. What is l(p)?
12
Let y(a) = -32*a**2 - 24*a**2 + 60*a**2 + 1. What is y(1)?
5
Let v = 13 - 8. Let i(f) = 5*f - 6*f + v - 8*f**2 - 4. Let d be (-9)/(45/(-20)) + -3. What is i(d)?
-8
Suppose 174 = -30*o - 6. Suppose 5*h + 2 = 27. Let q(j) = j**3 - j**2 + 1. Let p(w) = 6*w**3 - 6*w + 5. Let l(t) = h*q(t) - p(t). Calculate l(o).
0
Let x(j) = -j**3 - 4*j**2 - 3. Let m be ((-1)/3)/(5/(-135) - 0). Let p = 5 - m. Give x(p).
-3
Let i(s) = -2*s - 11. Let y(v) = -3*v - 9. Let b(q) = 4*i(q) - 3*y(q). Determine b(12).
-5
Suppose 4*b = 25 - 5. Let j(n) = n - 3*n - 9 + 10 + n. Determine j(b).
-4
Suppose 2*f + 4 = 16. Let d = -13 + f. Let b(q) be the first derivative of -q**2/2 - 4*q + 3. What is b(d)?
3
Let z(p) = p + 5 - 8*p + 0 + 6*p. Let y be z(2). Suppose y*r - 12 = 3. Let k(w) = -w**3 + 4*w**2 + 4*w - 1. Calculate k(r).
-6
Let d = -731 - -737. Let m(x) = x**2 - 15*x + 2. Determine m(d).
-52
Suppose -3 = -23*r + 20*r. Let v(o) = -10*o**2 + o. Let w(h) = 21*h**2 - 2*h. Let u be -5 + (4 - 2 - 4). Let p(s) = u*v(s) - 3*w(s). Determine p(r).
6
Let u(f) = -3*f + 10. Let q(m) = m**3 - 4*m**2. Let j be q(4). Calculate u(j).
10
Let r(y) = -3*y - 46. Let h(n) = -2*n - 25. Let c(f) = -7*h(f) + 4*r(f). Suppose -4*b + 7*u = 3*u - 16, -4*u = 5*b - 38. Calculate c(b).
3
Let m be ((-8)/6)/(4/18). Let l(f) = -f - 1. Let d(p) = 7*p + 4. Let k(q) = m*l(q) - d(q). Determine k(5).
-3
Let m(j) = 2699310*j + 1 + 5*j**2 - 2699310*j. Let u = 3 + -4. Give m(u).
6
Let i(a) = 1112*a + 4 - 1116*a - 1. What is i(6)?
-21
Let q(v) = 3*v + 7. Let t be q(-6). Let n(s) = s**3 + 11*s**2 - s - 11. Let l be n(t). Let g(u) = -u + l*u + 3*u*